{"id":25,"date":"2018-04-08T15:48:15","date_gmt":"2018-04-08T13:48:15","guid":{"rendered":"https:\/\/petits-chanteurs-strasbourg.com\/chantez\/?page_id=25"},"modified":"2026-07-30T21:55:53","modified_gmt":"2026-07-30T19:55:53","slug":"nous-soutenir-a-vos-marques-prets-chantez","status":"publish","type":"page","link":"https:\/\/chantez.eu\/en\/nous-soutenir-a-vos-marques-prets-chantez\/","title":{"rendered":"Support us"},"content":{"rendered":"<h2>Crowdfunding appeal<\/h2>\n<p>Les Petits Chanteurs de Strasbourg \u2013 Ma\u00eetrise de l\u2019Op\u00e9ra national du Rhin et l\u2019Orchestre du Rhin s\u2019associent pour proposer la 11\u00b0 \u00e9dition d\u2019un projet participatif d\u2019ampleur \u00e0 Strasbourg.<\/p>\n<p>Under the direction of Luciano Bibiloni, hundreds of performers\u2014amateurs and accomplished musicians of all ages, schoolchildren and parents, Strasbourg choirs\u2014guided by the Choir of the Orchestre du Rhin, the young voices of the Ma\u00eetrise of the Op\u00e9ra national du Rhin, and the Orchestre du Rhin, will present a performance entitled <em>Le Temps et l\u2019Espace<\/em>.<\/p>\n<p><strong>La repr\u00e9sentation publique est pr\u00e9vue pour le 13 juin 2027 au Z\u00e9nith Europe \u00e0 Strasbourg. Deux concerts de \u00ab mi-saison \u00bb ont lieu le 13 janvier et le 21 mars 2027, au Parlement Europ\u00e9en et \u00e0 l\u2019Eglise Saint-Thomas.<\/strong><\/p>\n<p>This musical project, both accessible and demanding, offers participants an extraordinary experience centered on popular works as well as emblematic pieces of Western culture.<\/p>\n<p>Over the course of a season, the choristers gather regularly to rehearse. The encounter between these amateur participants and the professional soloists and instrumentalists provides an opportunity to build new connections, to enjoy themselves, to feel like artists, and to bring together the common good with individual expression.<\/p>\n<p>This project, embodying values of social and cultural openness, intergenerational exchange, and fostering both artistic practice and individual potential within a unifying ensemble, is recognized and supported by cultural institutions.<\/p>\n<p>Parce que nous souhaitons que ce projet soit accessible \u00e0 toutes et tous, et gr\u00e2ce au soutien de nos partenaires, nous avons voulu que les ateliers de chants et r\u00e9p\u00e9titions soient ouverts largement. De m\u00eame pour l\u2019entr\u00e9e spectateur au concert final, que souhaitons inf\u00e9rieure \u00e0 30 euros, sans compter les tarifs r\u00e9duits. Nous esp\u00e9rons que le public, port\u00e9 par des centaines d&rsquo;interpr\u00e8tes, osera chanter lui aussi.<\/p>\n<p>If you share our values and wish to support this large-scale project, we invite you to contribute to strengthening its budget.<\/p>\n<p>The projected budget for this production is approximately <strong>250 000 \u20ac<\/strong>.<\/p>\n<p>Contributing financially helps support the development of cultural and artistic projects in our regions and ensures the sustainability of performing arts professions. From 50 euros, donations are tax-deductible.<\/p>\n<p>Become an active participant and click!<\/p>\n<p><iframe id=\"haWidget\" style=\"width: 100%; height: 70px; border: none;\" src=\"https:\/\/www.helloasso.com\/associations\/orchestre-du-rhin\/formulaires\/1\/widget-bouton\"><\/iframe><\/p>\n<div style=\"width: 100%; text-align: center;\"><\/div>","protected":false},"excerpt":{"rendered":"<p>Appel \u00e0 financement participatif Les Petits Chanteurs de Strasbourg \u2013 Ma\u00eetrise de l\u2019Op\u00e9ra national du Rhin et l\u2019Orchestre du Rhin s\u2019associent pour proposer la 11\u00b0 \u00e9dition d\u2019un projet participatif d\u2019ampleur \u00e0 Strasbourg. Sous la direction de Luciano Bibiloni, des centaines d\u2019interpr\u00e8tes, amateurs ou accomplis de tout \u00e2ge, \u00e9coliers et parents, [&hellip;]<\/p>","protected":false},"author":1,"featured_media":0,"parent":0,"menu_order":0,"comment_status":"closed","ping_status":"closed","template":"","meta":[],"_links":{"self":[{"href":"https:\/\/chantez.eu\/en\/wp-json\/wp\/v2\/pages\/25"}],"collection":[{"href":"https:\/\/chantez.eu\/en\/wp-json\/wp\/v2\/pages"}],"about":[{"href":"https:\/\/chantez.eu\/en\/wp-json\/wp\/v2\/types\/page"}],"author":[{"embeddable":true,"href":"https:\/\/chantez.eu\/en\/wp-json\/wp\/v2\/users\/1"}],"replies":[{"embeddable":true,"href":"https:\/\/chantez.eu\/en\/wp-json\/wp\/v2\/comments?post=25"}],"version-history":[{"count":36,"href":"https:\/\/chantez.eu\/en\/wp-json\/wp\/v2\/pages\/25\/revisions"}],"predecessor-version":[{"id":7646,"href":"https:\/\/chantez.eu\/en\/wp-json\/wp\/v2\/pages\/25\/revisions\/7646"}],"wp:attachment":[{"href":"https:\/\/chantez.eu\/en\/wp-json\/wp\/v2\/media?parent=25"}],"curies":[{"name":"wp","href":"https:\/\/api.w.org\/{rel}","templated":true}]}}

<h2>Crowdfunding appeal</h2>
<p>Les Petits Chanteurs de Strasbourg – Maîtrise de l’Opéra national du Rhin et l’Orchestre du Rhin s’associent pour proposer la 11° édition d’un projet participatif d’ampleur à Strasbourg.</p>
<p>Under the direction of Luciano Bibiloni, hundreds of performers—amateurs and accomplished musicians of all ages, schoolchildren and parents, Strasbourg choirs—guided by the Choir of the Orchestre du Rhin, the young voices of the Maîtrise of the Opéra national du Rhin, and the Orchestre du Rhin, will present a performance entitled <em>Le Temps et l’Espace</em>.</p>
<p><strong>La représentation publique est prévue pour le 13 juin 2027 au Zénith Europe à Strasbourg. Deux concerts de « mi-saison » ont lieu le 13 janvier et le 21 mars 2027, au Parlement Européen et à l’Eglise Saint-Thomas.</strong></p>
<p>This musical project, both accessible and demanding, offers participants an extraordinary experience centered on popular works as well as emblematic pieces of Western culture.</p>
<p>Over the course of a season, the choristers gather regularly to rehearse. The encounter between these amateur participants and the professional soloists and instrumentalists provides an opportunity to build new connections, to enjoy themselves, to feel like artists, and to bring together the common good with individual expression.</p>
<p>This project, embodying values of social and cultural openness, intergenerational exchange, and fostering both artistic practice and individual potential within a unifying ensemble, is recognized and supported by cultural institutions.</p>
<p>Parce que nous souhaitons que ce projet soit accessible à toutes et tous, et grâce au soutien de nos partenaires, nous avons voulu que les ateliers de chants et répétitions soient ouverts largement. De même pour l’entrée spectateur au concert final, que souhaitons inférieure à 30 euros, sans compter les tarifs réduits. Nous espérons que le public, porté par des centaines d&rsquo;interprètes, osera chanter lui aussi.</p>
<p>If you share our values and wish to support this large-scale project, we invite you to contribute to strengthening its budget.</p>
<p>The projected budget for this production is approximately <strong>250 000 €</strong>.</p>
<p>Contributing financially helps support the development of cultural and artistic projects in our regions and ensures the sustainability of performing arts professions. From 50 euros, donations are tax-deductible.</p>
<p>Become an active participant and click!</p>
<p><iframe id="haWidget" style="width: 100%; height: 70px; border: none;" src="https://www.helloasso.com/associations/orchestre-du-rhin/formulaires/1/widget-bouton"></iframe></p>
<div style="width: 100%; text-align: center;"></div>

<p>Appel à financement participatif Les Petits Chanteurs de Strasbourg – Maîtrise de l’Opéra national du Rhin et l’Orchestre du Rhin s’associent pour proposer la 11° édition d’un projet participatif d’ampleur à Strasbourg. Sous la direction de Luciano Bibiloni, des centaines d’interprètes, amateurs ou accomplis de tout âge, écoliers et parents, [&hellip;]</p>
