{"id":25,"date":"2018-04-08T15:48:15","date_gmt":"2018-04-08T13:48:15","guid":{"rendered":"https:\/\/petits-chanteurs-strasbourg.com\/chantez\/?page_id=25"},"modified":"2026-07-30T21:55:53","modified_gmt":"2026-07-30T19:55:53","slug":"nous-soutenir-a-vos-marques-prets-chantez","status":"publish","type":"page","link":"https:\/\/chantez.eu\/fr_fr\/nous-soutenir-a-vos-marques-prets-chantez\/","title":{"rendered":"Nous soutenir"},"content":{"rendered":"<h2>Appel \u00e0 financement participatif<\/h2>\n<p>Les Petits Chanteurs de Strasbourg \u2013 Ma\u00eetrise de l\u2019Op\u00e9ra national du Rhin et l\u2019Orchestre du Rhin s\u2019associent pour proposer la 11\u00b0 \u00e9dition d\u2019un projet participatif d\u2019ampleur \u00e0 Strasbourg.<\/p>\n<p>Sous la direction de Luciano Bibiloni, des centaines d\u2019interpr\u00e8tes, amateurs ou accomplis de tout \u00e2ge, \u00e9coliers et parents, des ch\u0153urs strasbourgeois, guid\u00e9s par le Ch\u0153ur de l&rsquo;Orchestre du Rhin et les jeunes voix de la Ma\u00eetrise de l\u2019Op\u00e9ra national du Rhin et par l\u2019Orchestre du Rhin, donneront un spectacle appel\u00e9 <em>Le Temps et l\u2019Espace<\/em>.<\/p>\n<p><strong>La repr\u00e9sentation publique est pr\u00e9vue pour le 13 juin 2027 au Z\u00e9nith Europe \u00e0 Strasbourg. Deux concerts de \u00ab mi-saison \u00bb ont lieu le 13 janvier et le 21 mars 2027, au Parlement Europ\u00e9en et \u00e0 l\u2019Eglise Saint-Thomas.<\/strong><\/p>\n<p>Ce projet musical, \u00e0 la fois accessible et exigeant, permet aux participants de vivre une exp\u00e9rience hors du commun autour d\u2019\u0153uvres populaires mais aussi embl\u00e9matique de la culture occidentale.<\/p>\n<p>Pendant une saison, les choristes se rassemblent r\u00e9guli\u00e8rement pour r\u00e9p\u00e9ter. La rencontre de ces participants amateurs avec les solistes et les instrumentistes professionnels sont l\u2019occasion de tisser de nouveaux liens, de se faire plaisir, de se sentir artiste, d\u2019articuler int\u00e9r\u00eat g\u00e9n\u00e9ral et expression individuelle.<\/p>\n<p>Ce projet portant des valeurs de d\u00e9cloisonnement social et culturel, de rencontre interg\u00e9n\u00e9rationnelle, et permettant de d\u00e9velopper une pratique artistique et des potentiels individuels au sein d\u2019un ensemble f\u00e9d\u00e9rateur, est reconnu et soutenu par les institutions culturelles.<\/p>\n<p>Parce que nous souhaitons que ce projet soit accessible \u00e0 toutes et tous, et gr\u00e2ce au soutien de nos partenaires, nous avons voulu que les ateliers de chants et r\u00e9p\u00e9titions soient ouverts largement. De m\u00eame pour l\u2019entr\u00e9e spectateur au concert final, que souhaitons inf\u00e9rieure \u00e0 30 euros, sans compter les tarifs r\u00e9duits. Nous esp\u00e9rons que le public, port\u00e9 par des centaines d&rsquo;interpr\u00e8tes, osera chanter lui aussi.<\/p>\n<p>Si vous partagez nos valeurs et souhaitez soutenir ce projet d\u2019ampleur, nous vous proposons de participer \u00e0 la consolidation de son budget.<\/p>\n<p>Le budget pr\u00e9visionnel de cette production est d\u2019environ <strong>250 000 \u20ac<\/strong>.<\/p>\n<p>Participer financi\u00e8rement, c&rsquo;est permettre le d\u00e9veloppement de projets culturels et artistiques dans nos r\u00e9gions et la p\u00e9rennisation des m\u00e9tiers du spectacle. A partir de 50 euros, le don est d\u00e9ductible des imp\u00f4ts.<\/p>\n<p>Devenez acteur et cliquez !<\/p>\n<p><iframe id=\"haWidget\" style=\"width: 100%; height: 70px; border: none;\" src=\"https:\/\/www.helloasso.com\/associations\/orchestre-du-rhin\/formulaires\/1\/widget-bouton\"><\/iframe><\/p>\n<div style=\"width: 100%; text-align: center;\"><\/div>\n","protected":false},"excerpt":{"rendered":"<p>Appel \u00e0 financement participatif Les Petits Chanteurs de Strasbourg \u2013 Ma\u00eetrise de l\u2019Op\u00e9ra national du Rhin et l\u2019Orchestre du Rhin s\u2019associent pour proposer la 11\u00b0 \u00e9dition d\u2019un projet participatif d\u2019ampleur \u00e0 Strasbourg. Sous la direction de Luciano Bibiloni, des centaines d\u2019interpr\u00e8tes, amateurs ou accomplis de tout \u00e2ge, \u00e9coliers et parents, [&hellip;]<\/p>\n","protected":false},"author":1,"featured_media":0,"parent":0,"menu_order":0,"comment_status":"closed","ping_status":"closed","template":"","meta":[],"_links":{"self":[{"href":"https:\/\/chantez.eu\/fr_fr\/wp-json\/wp\/v2\/pages\/25"}],"collection":[{"href":"https:\/\/chantez.eu\/fr_fr\/wp-json\/wp\/v2\/pages"}],"about":[{"href":"https:\/\/chantez.eu\/fr_fr\/wp-json\/wp\/v2\/types\/page"}],"author":[{"embeddable":true,"href":"https:\/\/chantez.eu\/fr_fr\/wp-json\/wp\/v2\/users\/1"}],"replies":[{"embeddable":true,"href":"https:\/\/chantez.eu\/fr_fr\/wp-json\/wp\/v2\/comments?post=25"}],"version-history":[{"count":36,"href":"https:\/\/chantez.eu\/fr_fr\/wp-json\/wp\/v2\/pages\/25\/revisions"}],"predecessor-version":[{"id":7646,"href":"https:\/\/chantez.eu\/fr_fr\/wp-json\/wp\/v2\/pages\/25\/revisions\/7646"}],"wp:attachment":[{"href":"https:\/\/chantez.eu\/fr_fr\/wp-json\/wp\/v2\/media?parent=25"}],"curies":[{"name":"wp","href":"https:\/\/api.w.org\/{rel}","templated":true}]}}

<h2>Appel à financement participatif</h2>
<p>Les Petits Chanteurs de Strasbourg – Maîtrise de l’Opéra national du Rhin et l’Orchestre du Rhin s’associent pour proposer la 11° édition d’un projet participatif d’ampleur à Strasbourg.</p>
<p>Sous la direction de Luciano Bibiloni, des centaines d’interprètes, amateurs ou accomplis de tout âge, écoliers et parents, des chœurs strasbourgeois, guidés par le Chœur de l&rsquo;Orchestre du Rhin et les jeunes voix de la Maîtrise de l’Opéra national du Rhin et par l’Orchestre du Rhin, donneront un spectacle appelé <em>Le Temps et l’Espace</em>.</p>
<p><strong>La représentation publique est prévue pour le 13 juin 2027 au Zénith Europe à Strasbourg. Deux concerts de « mi-saison » ont lieu le 13 janvier et le 21 mars 2027, au Parlement Européen et à l’Eglise Saint-Thomas.</strong></p>
<p>Ce projet musical, à la fois accessible et exigeant, permet aux participants de vivre une expérience hors du commun autour d’œuvres populaires mais aussi emblématique de la culture occidentale.</p>
<p>Pendant une saison, les choristes se rassemblent régulièrement pour répéter. La rencontre de ces participants amateurs avec les solistes et les instrumentistes professionnels sont l’occasion de tisser de nouveaux liens, de se faire plaisir, de se sentir artiste, d’articuler intérêt général et expression individuelle.</p>
<p>Ce projet portant des valeurs de décloisonnement social et culturel, de rencontre intergénérationnelle, et permettant de développer une pratique artistique et des potentiels individuels au sein d’un ensemble fédérateur, est reconnu et soutenu par les institutions culturelles.</p>
<p>Parce que nous souhaitons que ce projet soit accessible à toutes et tous, et grâce au soutien de nos partenaires, nous avons voulu que les ateliers de chants et répétitions soient ouverts largement. De même pour l’entrée spectateur au concert final, que souhaitons inférieure à 30 euros, sans compter les tarifs réduits. Nous espérons que le public, porté par des centaines d&rsquo;interprètes, osera chanter lui aussi.</p>
<p>Si vous partagez nos valeurs et souhaitez soutenir ce projet d’ampleur, nous vous proposons de participer à la consolidation de son budget.</p>
<p>Le budget prévisionnel de cette production est d’environ <strong>250 000 €</strong>.</p>
<p>Participer financièrement, c&rsquo;est permettre le développement de projets culturels et artistiques dans nos régions et la pérennisation des métiers du spectacle. A partir de 50 euros, le don est déductible des impôts.</p>
<p>Devenez acteur et cliquez !</p>
<p><iframe id="haWidget" style="width: 100%; height: 70px; border: none;" src="https://www.helloasso.com/associations/orchestre-du-rhin/formulaires/1/widget-bouton"></iframe></p>
<div style="width: 100%; text-align: center;"></div>

<p>Appel à financement participatif Les Petits Chanteurs de Strasbourg – Maîtrise de l’Opéra national du Rhin et l’Orchestre du Rhin s’associent pour proposer la 11° édition d’un projet participatif d’ampleur à Strasbourg. Sous la direction de Luciano Bibiloni, des centaines d’interprètes, amateurs ou accomplis de tout âge, écoliers et parents, [&hellip;]</p>
