{"id":6608,"date":"2025-11-10T21:23:42","date_gmt":"2025-11-10T20:23:42","guid":{"rendered":"https:\/\/chantez.eu\/?page_id=6608"},"modified":"2026-07-31T02:52:42","modified_gmt":"2026-07-31T00:52:42","slug":"billetterie-3","status":"publish","type":"page","link":"https:\/\/chantez.eu\/fr_fr\/billetterie-3\/","title":{"rendered":"Billetterie en ligne"},"content":{"rendered":"\n<p>Bienvenue sur la page de vente en ligne de l&rsquo;Orchestre du Rhin. <\/p>\n\n\n\n<div class=\"wp-block-columns\">\n<div class=\"wp-block-column\">\n<figure class=\"wp-block-image size-large\"><img loading=\"lazy\" width=\"1024\" height=\"499\" src=\"https:\/\/chantez.eu\/wp-content\/uploads\/2025\/12\/2026-06-10-LE-MESSIE-Banner_1280-x-720-e1781429621913-1024x499.jpg\" alt=\"\" class=\"wp-image-7232\" srcset=\"https:\/\/chantez.eu\/wp-content\/uploads\/2025\/12\/2026-06-10-LE-MESSIE-Banner_1280-x-720-e1781429621913-1024x499.jpg 1024w, https:\/\/chantez.eu\/wp-content\/uploads\/2025\/12\/2026-06-10-LE-MESSIE-Banner_1280-x-720-e1781429621913-300x146.jpg 300w, https:\/\/chantez.eu\/wp-content\/uploads\/2025\/12\/2026-06-10-LE-MESSIE-Banner_1280-x-720-e1781429621913-768x374.jpg 768w, https:\/\/chantez.eu\/wp-content\/uploads\/2025\/12\/2026-06-10-LE-MESSIE-Banner_1280-x-720-e1781429621913-700x341.jpg 700w, https:\/\/chantez.eu\/wp-content\/uploads\/2025\/12\/2026-06-10-LE-MESSIE-Banner_1280-x-720-e1781429621913-520x254.jpg 520w, https:\/\/chantez.eu\/wp-content\/uploads\/2025\/12\/2026-06-10-LE-MESSIE-Banner_1280-x-720-e1781429621913-360x176.jpg 360w, https:\/\/chantez.eu\/wp-content\/uploads\/2025\/12\/2026-06-10-LE-MESSIE-Banner_1280-x-720-e1781429621913-250x122.jpg 250w, https:\/\/chantez.eu\/wp-content\/uploads\/2025\/12\/2026-06-10-LE-MESSIE-Banner_1280-x-720-e1781429621913-100x49.jpg 100w, https:\/\/chantez.eu\/wp-content\/uploads\/2025\/12\/2026-06-10-LE-MESSIE-Banner_1280-x-720-e1781429621913.jpg 1280w\" sizes=\"(max-width: 1024px) 100vw, 1024px\" \/><\/figure>\n\n\n\n<hr class=\"wp-block-separator\"\/>\n\n\n\n<figure class=\"wp-block-image size-medium\"><img loading=\"lazy\" width=\"212\" height=\"300\" src=\"https:\/\/chantez.eu\/wp-content\/uploads\/2026\/07\/2026-07-15-CHANTEZ-COSMOS-Poster-A3-PRINT-212x300.jpg\" alt=\"\" class=\"wp-image-7655\" srcset=\"https:\/\/chantez.eu\/wp-content\/uploads\/2026\/07\/2026-07-15-CHANTEZ-COSMOS-Poster-A3-PRINT-212x300.jpg 212w, https:\/\/chantez.eu\/wp-content\/uploads\/2026\/07\/2026-07-15-CHANTEZ-COSMOS-Poster-A3-PRINT-724x1024.jpg 724w, https:\/\/chantez.eu\/wp-content\/uploads\/2026\/07\/2026-07-15-CHANTEZ-COSMOS-Poster-A3-PRINT-768x1086.jpg 768w, https:\/\/chantez.eu\/wp-content\/uploads\/2026\/07\/2026-07-15-CHANTEZ-COSMOS-Poster-A3-PRINT-1086x1536.jpg 1086w, https:\/\/chantez.eu\/wp-content\/uploads\/2026\/07\/2026-07-15-CHANTEZ-COSMOS-Poster-A3-PRINT-1448x2048.jpg 1448w, https:\/\/chantez.eu\/wp-content\/uploads\/2026\/07\/2026-07-15-CHANTEZ-COSMOS-Poster-A3-PRINT-700x990.jpg 700w, https:\/\/chantez.eu\/wp-content\/uploads\/2026\/07\/2026-07-15-CHANTEZ-COSMOS-Poster-A3-PRINT-520x735.jpg 520w, https:\/\/chantez.eu\/wp-content\/uploads\/2026\/07\/2026-07-15-CHANTEZ-COSMOS-Poster-A3-PRINT-360x509.jpg 360w, https:\/\/chantez.eu\/wp-content\/uploads\/2026\/07\/2026-07-15-CHANTEZ-COSMOS-Poster-A3-PRINT-250x353.jpg 250w, https:\/\/chantez.eu\/wp-content\/uploads\/2026\/07\/2026-07-15-CHANTEZ-COSMOS-Poster-A3-PRINT-100x141.jpg 100w, https:\/\/chantez.eu\/wp-content\/uploads\/2026\/07\/2026-07-15-CHANTEZ-COSMOS-Poster-A3-PRINT.jpg 1754w\" sizes=\"(max-width: 212px) 100vw, 212px\" \/><\/figure>\n<\/div>\n\n\n\n<div class=\"wp-block-column is-vertically-aligned-top\">\n<div style=\"height:4px\" aria-hidden=\"true\" class=\"wp-block-spacer\"><\/div>\n\n\n\n<p><strong>Le Messie<\/strong><br>12 d\u00e9cembre 2026<br>Eglise Saint-Thomas <\/p>\n\n\n\n<div style=\"height:100px\" aria-hidden=\"true\" class=\"wp-block-spacer\"><\/div>\n\n\n\n<p><strong>Projection du concert au cin\u00e9ma<\/strong><br>26 septembre 2026 \u00e0 11h<br>Cin\u00e9ma Cosmos de Strasbourg<\/p>\n<\/div>\n\n\n\n<div class=\"wp-block-column\">\n<div style=\"height:13px\" aria-hidden=\"true\" class=\"wp-block-spacer\"><\/div>\n\n\n\n<div class=\"wp-block-buttons alignfull\">\n<div class=\"wp-block-button has-custom-width wp-block-button__width-100\"><a class=\"wp-block-button__link has-luminous-vivid-amber-to-luminous-vivid-orange-gradient-background has-background\" href=\"https:\/\/my.weezevent.com\/messie-participatif-2026?_gl=1*64rld4*_gcl_au*Mzk0NzExMzcyLjE3NzgyNTI2OTcuMTA4NjY5OTgwMi4xNzgxNjM5NzczLjE3ODE2Mzk3NzU.*_ga*MTI2NTEzNTE4Ni4xNzExNjIwMDc5*_ga_39H9VBFX7G*czE3ODE2Mzk3NTQkbzMwJGcxJHQxNzgxNjM5NzgyJGozMiRsMCRoNTI5MjgxOTQ0\" target=\"_blank\" rel=\"noreferrer noopener\">R\u00e9server ma place<\/a><\/div>\n<\/div>\n\n\n\n<div style=\"height:137px\" aria-hidden=\"true\" class=\"wp-block-spacer\"><\/div>\n\n\n\n<div class=\"wp-block-buttons\">\n<div class=\"wp-block-button has-custom-width wp-block-button__width-100\"><a class=\"wp-block-button__link has-vivid-cyan-blue-to-vivid-purple-gradient-background has-background\" href=\"https:\/\/www.helloasso.com\/associations\/orchestre-du-rhin\/evenements\/projection-captation-les-environnements-2026\" target=\"_blank\" rel=\"noreferrer noopener\">R\u00e9server ma place<\/a><\/div>\n<\/div>\n\n\n\n<div class=\"wp-block-buttons\"><\/div>\n<\/div>\n<\/div>\n\n\n\n<p><\/p>\n","protected":false},"excerpt":{"rendered":"<p>Bienvenue sur la page de vente en ligne de l&rsquo;Orchestre du Rhin. Le Messie12 d\u00e9cembre 2026Eglise Saint-Thomas Projection du concert au cin\u00e9ma26 septembre 2026 \u00e0 11hCin\u00e9ma Cosmos de Strasbourg<\/p>\n","protected":false},"author":4,"featured_media":0,"parent":0,"menu_order":0,"comment_status":"closed","ping_status":"closed","template":"","meta":[],"_links":{"self":[{"href":"https:\/\/chantez.eu\/fr_fr\/wp-json\/wp\/v2\/pages\/6608"}],"collection":[{"href":"https:\/\/chantez.eu\/fr_fr\/wp-json\/wp\/v2\/pages"}],"about":[{"href":"https:\/\/chantez.eu\/fr_fr\/wp-json\/wp\/v2\/types\/page"}],"author":[{"embeddable":true,"href":"https:\/\/chantez.eu\/fr_fr\/wp-json\/wp\/v2\/users\/4"}],"replies":[{"embeddable":true,"href":"https:\/\/chantez.eu\/fr_fr\/wp-json\/wp\/v2\/comments?post=6608"}],"version-history":[{"count":21,"href":"https:\/\/chantez.eu\/fr_fr\/wp-json\/wp\/v2\/pages\/6608\/revisions"}],"predecessor-version":[{"id":7660,"href":"https:\/\/chantez.eu\/fr_fr\/wp-json\/wp\/v2\/pages\/6608\/revisions\/7660"}],"wp:attachment":[{"href":"https:\/\/chantez.eu\/fr_fr\/wp-json\/wp\/v2\/media?parent=6608"}],"curies":[{"name":"wp","href":"https:\/\/api.w.org\/{rel}","templated":true}]}}

<p>Bienvenue sur la page de vente en ligne de l&rsquo;Orchestre du Rhin. </p>



<div class="wp-block-columns">
<div class="wp-block-column">
<figure class="wp-block-image size-large"><img loading="lazy" width="1024" height="499" src="https://chantez.eu/wp-content/uploads/2025/12/2026-06-10-LE-MESSIE-Banner_1280-x-720-e1781429621913-1024x499.jpg" alt="" class="wp-image-7232" srcset="https://chantez.eu/wp-content/uploads/2025/12/2026-06-10-LE-MESSIE-Banner_1280-x-720-e1781429621913-1024x499.jpg 1024w, https://chantez.eu/wp-content/uploads/2025/12/2026-06-10-LE-MESSIE-Banner_1280-x-720-e1781429621913-300x146.jpg 300w, https://chantez.eu/wp-content/uploads/2025/12/2026-06-10-LE-MESSIE-Banner_1280-x-720-e1781429621913-768x374.jpg 768w, https://chantez.eu/wp-content/uploads/2025/12/2026-06-10-LE-MESSIE-Banner_1280-x-720-e1781429621913-700x341.jpg 700w, https://chantez.eu/wp-content/uploads/2025/12/2026-06-10-LE-MESSIE-Banner_1280-x-720-e1781429621913-520x254.jpg 520w, https://chantez.eu/wp-content/uploads/2025/12/2026-06-10-LE-MESSIE-Banner_1280-x-720-e1781429621913-360x176.jpg 360w, https://chantez.eu/wp-content/uploads/2025/12/2026-06-10-LE-MESSIE-Banner_1280-x-720-e1781429621913-250x122.jpg 250w, https://chantez.eu/wp-content/uploads/2025/12/2026-06-10-LE-MESSIE-Banner_1280-x-720-e1781429621913-100x49.jpg 100w, https://chantez.eu/wp-content/uploads/2025/12/2026-06-10-LE-MESSIE-Banner_1280-x-720-e1781429621913.jpg 1280w" sizes="(max-width: 1024px) 100vw, 1024px" /></figure>



<hr class="wp-block-separator"/>



<figure class="wp-block-image size-medium"><img loading="lazy" width="212" height="300" src="https://chantez.eu/wp-content/uploads/2026/07/2026-07-15-CHANTEZ-COSMOS-Poster-A3-PRINT-212x300.jpg" alt="" class="wp-image-7655" srcset="https://chantez.eu/wp-content/uploads/2026/07/2026-07-15-CHANTEZ-COSMOS-Poster-A3-PRINT-212x300.jpg 212w, https://chantez.eu/wp-content/uploads/2026/07/2026-07-15-CHANTEZ-COSMOS-Poster-A3-PRINT-724x1024.jpg 724w, https://chantez.eu/wp-content/uploads/2026/07/2026-07-15-CHANTEZ-COSMOS-Poster-A3-PRINT-768x1086.jpg 768w, https://chantez.eu/wp-content/uploads/2026/07/2026-07-15-CHANTEZ-COSMOS-Poster-A3-PRINT-1086x1536.jpg 1086w, https://chantez.eu/wp-content/uploads/2026/07/2026-07-15-CHANTEZ-COSMOS-Poster-A3-PRINT-1448x2048.jpg 1448w, https://chantez.eu/wp-content/uploads/2026/07/2026-07-15-CHANTEZ-COSMOS-Poster-A3-PRINT-700x990.jpg 700w, https://chantez.eu/wp-content/uploads/2026/07/2026-07-15-CHANTEZ-COSMOS-Poster-A3-PRINT-520x735.jpg 520w, https://chantez.eu/wp-content/uploads/2026/07/2026-07-15-CHANTEZ-COSMOS-Poster-A3-PRINT-360x509.jpg 360w, https://chantez.eu/wp-content/uploads/2026/07/2026-07-15-CHANTEZ-COSMOS-Poster-A3-PRINT-250x353.jpg 250w, https://chantez.eu/wp-content/uploads/2026/07/2026-07-15-CHANTEZ-COSMOS-Poster-A3-PRINT-100x141.jpg 100w, https://chantez.eu/wp-content/uploads/2026/07/2026-07-15-CHANTEZ-COSMOS-Poster-A3-PRINT.jpg 1754w" sizes="(max-width: 212px) 100vw, 212px" /></figure>
</div>



<div class="wp-block-column is-vertically-aligned-top">
<div style="height:4px" aria-hidden="true" class="wp-block-spacer"></div>



<p><strong>Le Messie</strong><br>12 décembre 2026<br>Eglise Saint-Thomas </p>



<div style="height:100px" aria-hidden="true" class="wp-block-spacer"></div>



<p><strong>Projection du concert au cinéma</strong><br>26 septembre 2026 à 11h<br>Cinéma Cosmos de Strasbourg</p>
</div>



<div class="wp-block-column">
<div style="height:13px" aria-hidden="true" class="wp-block-spacer"></div>



<div class="wp-block-buttons alignfull">
<div class="wp-block-button has-custom-width wp-block-button__width-100"><a class="wp-block-button__link has-luminous-vivid-amber-to-luminous-vivid-orange-gradient-background has-background" href="https://my.weezevent.com/messie-participatif-2026?_gl=1*64rld4*_gcl_au*Mzk0NzExMzcyLjE3NzgyNTI2OTcuMTA4NjY5OTgwMi4xNzgxNjM5NzczLjE3ODE2Mzk3NzU.*_ga*MTI2NTEzNTE4Ni4xNzExNjIwMDc5*_ga_39H9VBFX7G*czE3ODE2Mzk3NTQkbzMwJGcxJHQxNzgxNjM5NzgyJGozMiRsMCRoNTI5MjgxOTQ0" target="_blank" rel="noreferrer noopener">Réserver ma place</a></div>
</div>



<div style="height:137px" aria-hidden="true" class="wp-block-spacer"></div>



<div class="wp-block-buttons">
<div class="wp-block-button has-custom-width wp-block-button__width-100"><a class="wp-block-button__link has-vivid-cyan-blue-to-vivid-purple-gradient-background has-background" href="https://www.helloasso.com/associations/orchestre-du-rhin/evenements/projection-captation-les-environnements-2026" target="_blank" rel="noreferrer noopener">Réserver ma place</a></div>
</div>



<div class="wp-block-buttons"></div>
</div>
</div>



<p></p>

<p>Bienvenue sur la page de vente en ligne de l&rsquo;Orchestre du Rhin. Le Messie12 décembre 2026Eglise Saint-Thomas Projection du concert au cinéma26 septembre 2026 à 11hCinéma Cosmos de Strasbourg</p>
