{"id":994,"date":"2019-07-13T20:01:47","date_gmt":"2019-07-13T18:01:47","guid":{"rendered":"https:\/\/chantez.eu\/?page_id=994"},"modified":"2026-08-25T11:13:47","modified_gmt":"2026-08-25T09:13:47","slug":"materiel-interactif-2","status":"publish","type":"page","link":"https:\/\/chantez.eu\/fr_fr\/materiel-interactif-2\/","title":{"rendered":"Mat\u00e9riel interactif"},"content":{"rendered":"\n<p>Ici seront publi\u00e9s au fur et \u00e0 mesure des enregistrements de familiarisation pour la saison 2026-2027.<\/p>\n\n\n\n<figure class=\"wp-block-image size-large\"><img loading=\"lazy\" width=\"1024\" height=\"502\" src=\"https:\/\/chantez.eu\/wp-content\/uploads\/2026\/06\/2026-06-10-LE-TEMPS-Banner_1280-x-720-e1781379143483-1024x502.jpg\" alt=\"\" class=\"wp-image-7233\" srcset=\"https:\/\/chantez.eu\/wp-content\/uploads\/2026\/06\/2026-06-10-LE-TEMPS-Banner_1280-x-720-e1781379143483-1024x502.jpg 1024w, https:\/\/chantez.eu\/wp-content\/uploads\/2026\/06\/2026-06-10-LE-TEMPS-Banner_1280-x-720-e1781379143483-300x147.jpg 300w, https:\/\/chantez.eu\/wp-content\/uploads\/2026\/06\/2026-06-10-LE-TEMPS-Banner_1280-x-720-e1781379143483-768x376.jpg 768w, https:\/\/chantez.eu\/wp-content\/uploads\/2026\/06\/2026-06-10-LE-TEMPS-Banner_1280-x-720-e1781379143483-700x343.jpg 700w, https:\/\/chantez.eu\/wp-content\/uploads\/2026\/06\/2026-06-10-LE-TEMPS-Banner_1280-x-720-e1781379143483-520x255.jpg 520w, https:\/\/chantez.eu\/wp-content\/uploads\/2026\/06\/2026-06-10-LE-TEMPS-Banner_1280-x-720-e1781379143483-360x176.jpg 360w, https:\/\/chantez.eu\/wp-content\/uploads\/2026\/06\/2026-06-10-LE-TEMPS-Banner_1280-x-720-e1781379143483-250x122.jpg 250w, https:\/\/chantez.eu\/wp-content\/uploads\/2026\/06\/2026-06-10-LE-TEMPS-Banner_1280-x-720-e1781379143483-100x49.jpg 100w, https:\/\/chantez.eu\/wp-content\/uploads\/2026\/06\/2026-06-10-LE-TEMPS-Banner_1280-x-720-e1781379143483.jpg 1280w\" sizes=\"(max-width: 1024px) 100vw, 1024px\" \/><\/figure>\n\n\n\n<h1 class=\"has-text-align-center\"><span style=\"text-decoration: underline;\">Module 1<\/span><\/h1>\n\n\n\n<div class=\"wp-block-columns\">\n<div class=\"wp-block-column\"><\/div>\n\n\n\n<div class=\"wp-block-column\">\n<h2>Le Temps retrouv\u00e9*<\/h2>\n\n\n\n<ul><li><a rel=\"noreferrer noopener\" href=\"https:\/\/chantez.eu\/2-laube-module-1\/\" data-type=\"URL\" data-id=\"https:\/\/chantez.eu\/2-laube-module-1\/\" target=\"_blank\">2. L&rsquo;Aube<\/a><\/li><li><a rel=\"noreferrer noopener\" href=\"https:\/\/chantez.eu\/3-le-temps-dompte-module-1\/\" data-type=\"URL\" data-id=\"https:\/\/chantez.eu\/3-le-temps-dompte-module-1\/\" target=\"_blank\">3. Le Temps dompt\u00e9<\/a><\/li><li><a rel=\"noreferrer noopener\" href=\"https:\/\/chantez.eu\/4-toujours-plus-loin-module-1\/\" data-type=\"URL\" data-id=\"https:\/\/chantez.eu\/4-toujours-plus-loin-module-1\/\" target=\"_blank\">4. Toujours plus loin<\/a><\/li><li><a rel=\"noreferrer noopener\" href=\"https:\/\/chantez.eu\/5-la-revolte-des-fous-module-1\/\" data-type=\"URL\" data-id=\"https:\/\/chantez.eu\/5-la-revolte-des-fous-module-1\/\" target=\"_blank\">5. La r\u00e9volte des fous<\/a><\/li><li><a href=\"https:\/\/chantez.eu\/6-les-ames-en-pixels-module-1\/\" data-type=\"URL\" data-id=\"https:\/\/chantez.eu\/6-les-ames-en-pixels-module-1\/\" target=\"_blank\" rel=\"noreferrer noopener\">6. Les \u00e2mes en pixels<\/a><\/li><li><a href=\"https:\/\/chantez.eu\/7-le-reve-dore-module-1\/\" data-type=\"URL\" data-id=\"https:\/\/chantez.eu\/7-le-reve-dore-module-1\/\" target=\"_blank\" rel=\"noreferrer noopener\">7. Le r\u00eave dor\u00e9<\/a><\/li><li><a rel=\"noreferrer noopener\" href=\"https:\/\/chantez.eu\/8-le-temps-retrouve-module-1\/\" data-type=\"URL\" data-id=\"https:\/\/chantez.eu\/8-le-temps-retrouve-module-1\/\" target=\"_blank\">8. Le Temps retrouv\u00e9<\/a> (Choeur 1)<\/li><\/ul>\n<\/div>\n\n\n\n<div class=\"wp-block-column\"><\/div>\n<\/div>\n\n\n\n<hr class=\"wp-block-separator\"\/>\n\n\n\n<h1 class=\"has-text-align-center\"><span style=\"text-decoration: underline;\">Module 2<\/span><\/h1>\n\n\n\n<div class=\"wp-block-columns\">\n<div class=\"wp-block-column\">\n<h2>Sunrise Mass<\/h2>\n\n\n\n<ul><li>1. <a rel=\"noreferrer noopener\" href=\"https:\/\/chantez.eu\/the-spheres-sunrise-mass\/\" data-type=\"URL\" data-id=\"https:\/\/chantez.eu\/the-spheres-sunrise-mass\/\" target=\"_blank\">The Spheres<\/a><\/li><li>4. <a href=\"https:\/\/chantez.eu\/4-identity-and-the-ground-module-2\/\" data-type=\"URL\" data-id=\"https:\/\/chantez.eu\/4-identity-and-the-ground-module-2\/\" target=\"_blank\" rel=\"noreferrer noopener\">Identity and the Ground<\/a><\/li><\/ul>\n<\/div>\n\n\n\n<div class=\"wp-block-column\">\n<h2>Le Temps vol\u00e9*<\/h2>\n\n\n\n<ul><li><a href=\"https:\/\/chantez.eu\/le-temps-retrouve-module-2\/\" data-type=\"URL\" data-id=\"https:\/\/chantez.eu\/le-temps-retrouve-module-2\/\" target=\"_blank\" rel=\"noreferrer noopener\">Le Temps retrouv\u00e9<\/a> (Choeur 2)<\/li><\/ul>\n<\/div>\n\n\n\n<div class=\"wp-block-column\">\n<h3>I vow to thee, my country<\/h3>\n\n\n\n<ul><li><a href=\"https:\/\/chantez.eu\/i-vow-to-thee-my-country\/\" data-type=\"URL\" data-id=\"https:\/\/chantez.eu\/i-vow-to-thee-my-country\/\" target=\"_blank\" rel=\"noreferrer noopener\">I vow to thee, my country<\/a><\/li><\/ul>\n<\/div>\n<\/div>\n\n\n\n<p>* lors du concert du 13 juin 2027, les inscrits aux deux modules sont invit\u00e9s \u00e0 chanter le ch\u0153ur 2.<\/p>\n\n\n\n<hr class=\"wp-block-separator\"\/>\n\n\n\n<h2>Le Messie (d\u00e9cembre 2026)<\/h2>\n\n\n\n<p style=\"font-size:24px\">Le Messie (voix par voix, partitions etc.)- <a href=\"https:\/\/chantez.eu\/messie-2026\/\"><strong>https:\/\/chantez.eu\/messie-2026\/<\/strong><\/a><\/p>\n\n\n\n<figure class=\"wp-block-image size-large\"><a href=\"https:\/\/chantez.eu\/messie-2026\/\"><img loading=\"lazy\" width=\"1024\" height=\"499\" src=\"https:\/\/chantez.eu\/wp-content\/uploads\/2025\/12\/2026-06-10-LE-MESSIE-Banner_1280-x-720-e1781429621913-1024x499.jpg\" alt=\"\" class=\"wp-image-7232\" srcset=\"https:\/\/chantez.eu\/wp-content\/uploads\/2025\/12\/2026-06-10-LE-MESSIE-Banner_1280-x-720-e1781429621913-1024x499.jpg 1024w, https:\/\/chantez.eu\/wp-content\/uploads\/2025\/12\/2026-06-10-LE-MESSIE-Banner_1280-x-720-e1781429621913-300x146.jpg 300w, https:\/\/chantez.eu\/wp-content\/uploads\/2025\/12\/2026-06-10-LE-MESSIE-Banner_1280-x-720-e1781429621913-768x374.jpg 768w, https:\/\/chantez.eu\/wp-content\/uploads\/2025\/12\/2026-06-10-LE-MESSIE-Banner_1280-x-720-e1781429621913-700x341.jpg 700w, https:\/\/chantez.eu\/wp-content\/uploads\/2025\/12\/2026-06-10-LE-MESSIE-Banner_1280-x-720-e1781429621913-520x254.jpg 520w, https:\/\/chantez.eu\/wp-content\/uploads\/2025\/12\/2026-06-10-LE-MESSIE-Banner_1280-x-720-e1781429621913-360x176.jpg 360w, https:\/\/chantez.eu\/wp-content\/uploads\/2025\/12\/2026-06-10-LE-MESSIE-Banner_1280-x-720-e1781429621913-250x122.jpg 250w, https:\/\/chantez.eu\/wp-content\/uploads\/2025\/12\/2026-06-10-LE-MESSIE-Banner_1280-x-720-e1781429621913-100x49.jpg 100w, https:\/\/chantez.eu\/wp-content\/uploads\/2025\/12\/2026-06-10-LE-MESSIE-Banner_1280-x-720-e1781429621913.jpg 1280w\" sizes=\"(max-width: 1024px) 100vw, 1024px\" \/><\/a><\/figure>\n\n\n\n<h3><em><strong>Pour se mettre en voix :<\/strong><\/em><\/h3>\n\n\n\n<p><strong><a href=\"https:\/\/chantez.eu\/wp-content\/uploads\/2019\/09\/01-Vocalises-20110530-Base.pdf\" target=\"_blank\" rel=\"noopener\">La partition des vocalises de base<\/a><\/strong><br><strong>La vid\u00e9o de la&nbsp;<\/strong><strong><a href=\"https:\/\/youtu.be\/Ou_jvJ3uXhU\" target=\"_blank\" rel=\"noopener\">mise en voix avec explications<\/a>&nbsp;(<a href=\"https:\/\/youtu.be\/QwrefYhgZ-Q\" target=\"_blank\" rel=\"noopener\">sans explications<\/a>)<br><\/strong><strong>La bande sonore de l&rsquo;accompagnement :<\/strong><\/p>\n\n\n\n<figure class=\"wp-block-audio\"><audio controls src=\"https:\/\/chantez.eu\/wp-content\/uploads\/2019\/09\/vocalise.mp3\"><\/audio><\/figure>\n\n\n\n<p>NB : vous pouvez changer la vitesse de lecture en cliquant sur les trois points verticaux (\u00e0 droite sur la barre de lecture, \u00e0 c\u00f4t\u00e9 du bouton de volume) ou en faisant un clic doit sur la barre de lecture et choisir \u00ab\u00a0Vitesse de lecture\u00a0\u00bb ou \u00ab\u00a0Vitesse\u00a0\u00bb.<\/p>\n\n\n\n<p><br>  <br> <\/p>\n","protected":false},"excerpt":{"rendered":"<p>Ici seront publi\u00e9s au fur et \u00e0 mesure des enregistrements de familiarisation pour la saison 2026-2027. Module 1 Le Temps retrouv\u00e9* 2. L&rsquo;Aube 3. Le Temps dompt\u00e9 4. Toujours plus loin 5. La r\u00e9volte des fous 6. Les \u00e2mes en pixels 7. Le r\u00eave dor\u00e9 8. Le Temps retrouv\u00e9 (Choeur [&hellip;]<\/p>\n","protected":false},"author":4,"featured_media":0,"parent":0,"menu_order":0,"comment_status":"closed","ping_status":"closed","template":"","meta":[],"_links":{"self":[{"href":"https:\/\/chantez.eu\/fr_fr\/wp-json\/wp\/v2\/pages\/994"}],"collection":[{"href":"https:\/\/chantez.eu\/fr_fr\/wp-json\/wp\/v2\/pages"}],"about":[{"href":"https:\/\/chantez.eu\/fr_fr\/wp-json\/wp\/v2\/types\/page"}],"author":[{"embeddable":true,"href":"https:\/\/chantez.eu\/fr_fr\/wp-json\/wp\/v2\/users\/4"}],"replies":[{"embeddable":true,"href":"https:\/\/chantez.eu\/fr_fr\/wp-json\/wp\/v2\/comments?post=994"}],"version-history":[{"count":142,"href":"https:\/\/chantez.eu\/fr_fr\/wp-json\/wp\/v2\/pages\/994\/revisions"}],"predecessor-version":[{"id":7666,"href":"https:\/\/chantez.eu\/fr_fr\/wp-json\/wp\/v2\/pages\/994\/revisions\/7666"}],"wp:attachment":[{"href":"https:\/\/chantez.eu\/fr_fr\/wp-json\/wp\/v2\/media?parent=994"}],"curies":[{"name":"wp","href":"https:\/\/api.w.org\/{rel}","templated":true}]}}

Matériel interactif

<p>Ici seront publiés au fur et à mesure des enregistrements de familiarisation pour la saison 2026-2027.</p>



<figure class="wp-block-image size-large"><img loading="lazy" width="1024" height="502" src="https://chantez.eu/wp-content/uploads/2026/06/2026-06-10-LE-TEMPS-Banner_1280-x-720-e1781379143483-1024x502.jpg" alt="" class="wp-image-7233" srcset="https://chantez.eu/wp-content/uploads/2026/06/2026-06-10-LE-TEMPS-Banner_1280-x-720-e1781379143483-1024x502.jpg 1024w, https://chantez.eu/wp-content/uploads/2026/06/2026-06-10-LE-TEMPS-Banner_1280-x-720-e1781379143483-300x147.jpg 300w, https://chantez.eu/wp-content/uploads/2026/06/2026-06-10-LE-TEMPS-Banner_1280-x-720-e1781379143483-768x376.jpg 768w, https://chantez.eu/wp-content/uploads/2026/06/2026-06-10-LE-TEMPS-Banner_1280-x-720-e1781379143483-700x343.jpg 700w, https://chantez.eu/wp-content/uploads/2026/06/2026-06-10-LE-TEMPS-Banner_1280-x-720-e1781379143483-520x255.jpg 520w, https://chantez.eu/wp-content/uploads/2026/06/2026-06-10-LE-TEMPS-Banner_1280-x-720-e1781379143483-360x176.jpg 360w, https://chantez.eu/wp-content/uploads/2026/06/2026-06-10-LE-TEMPS-Banner_1280-x-720-e1781379143483-250x122.jpg 250w, https://chantez.eu/wp-content/uploads/2026/06/2026-06-10-LE-TEMPS-Banner_1280-x-720-e1781379143483-100x49.jpg 100w, https://chantez.eu/wp-content/uploads/2026/06/2026-06-10-LE-TEMPS-Banner_1280-x-720-e1781379143483.jpg 1280w" sizes="(max-width: 1024px) 100vw, 1024px" /></figure>



<h1 class="has-text-align-center"><span style="text-decoration: underline;">Module 1</span></h1>



<div class="wp-block-columns">
<div class="wp-block-column"></div>



<div class="wp-block-column">
<h2>Le Temps retrouvé*</h2>



<ul><li><a rel="noreferrer noopener" href="https://chantez.eu/2-laube-module-1/" data-type="URL" data-id="https://chantez.eu/2-laube-module-1/" target="_blank">2. L&rsquo;Aube</a></li><li><a rel="noreferrer noopener" href="https://chantez.eu/3-le-temps-dompte-module-1/" data-type="URL" data-id="https://chantez.eu/3-le-temps-dompte-module-1/" target="_blank">3. Le Temps dompté</a></li><li><a rel="noreferrer noopener" href="https://chantez.eu/4-toujours-plus-loin-module-1/" data-type="URL" data-id="https://chantez.eu/4-toujours-plus-loin-module-1/" target="_blank">4. Toujours plus loin</a></li><li><a rel="noreferrer noopener" href="https://chantez.eu/5-la-revolte-des-fous-module-1/" data-type="URL" data-id="https://chantez.eu/5-la-revolte-des-fous-module-1/" target="_blank">5. La révolte des fous</a></li><li><a href="https://chantez.eu/6-les-ames-en-pixels-module-1/" data-type="URL" data-id="https://chantez.eu/6-les-ames-en-pixels-module-1/" target="_blank" rel="noreferrer noopener">6. Les âmes en pixels</a></li><li><a href="https://chantez.eu/7-le-reve-dore-module-1/" data-type="URL" data-id="https://chantez.eu/7-le-reve-dore-module-1/" target="_blank" rel="noreferrer noopener">7. Le rêve doré</a></li><li><a rel="noreferrer noopener" href="https://chantez.eu/8-le-temps-retrouve-module-1/" data-type="URL" data-id="https://chantez.eu/8-le-temps-retrouve-module-1/" target="_blank">8. Le Temps retrouvé</a> (Choeur 1)</li></ul>
</div>



<div class="wp-block-column"></div>
</div>



<hr class="wp-block-separator"/>



<h1 class="has-text-align-center"><span style="text-decoration: underline;">Module 2</span></h1>



<div class="wp-block-columns">
<div class="wp-block-column">
<h2>Sunrise Mass</h2>



<ul><li>1. <a rel="noreferrer noopener" href="https://chantez.eu/the-spheres-sunrise-mass/" data-type="URL" data-id="https://chantez.eu/the-spheres-sunrise-mass/" target="_blank">The Spheres</a></li><li>4. <a href="https://chantez.eu/4-identity-and-the-ground-module-2/" data-type="URL" data-id="https://chantez.eu/4-identity-and-the-ground-module-2/" target="_blank" rel="noreferrer noopener">Identity and the Ground</a></li></ul>
</div>



<div class="wp-block-column">
<h2>Le Temps volé*</h2>



<ul><li><a href="https://chantez.eu/le-temps-retrouve-module-2/" data-type="URL" data-id="https://chantez.eu/le-temps-retrouve-module-2/" target="_blank" rel="noreferrer noopener">Le Temps retrouvé</a> (Choeur 2)</li></ul>
</div>



<div class="wp-block-column">
<h3>I vow to thee, my country</h3>



<ul><li><a href="https://chantez.eu/i-vow-to-thee-my-country/" data-type="URL" data-id="https://chantez.eu/i-vow-to-thee-my-country/" target="_blank" rel="noreferrer noopener">I vow to thee, my country</a></li></ul>
</div>
</div>



<p>* lors du concert du 13 juin 2027, les inscrits aux deux modules sont invités à chanter le chœur 2.</p>



<hr class="wp-block-separator"/>



<h2>Le Messie (décembre 2026)</h2>



<p style="font-size:24px">Le Messie (voix par voix, partitions etc.)- <a href="https://chantez.eu/messie-2026/"><strong>https://chantez.eu/messie-2026/</strong></a></p>



<figure class="wp-block-image size-large"><a href="https://chantez.eu/messie-2026/"><img loading="lazy" width="1024" height="499" src="https://chantez.eu/wp-content/uploads/2025/12/2026-06-10-LE-MESSIE-Banner_1280-x-720-e1781429621913-1024x499.jpg" alt="" class="wp-image-7232" srcset="https://chantez.eu/wp-content/uploads/2025/12/2026-06-10-LE-MESSIE-Banner_1280-x-720-e1781429621913-1024x499.jpg 1024w, https://chantez.eu/wp-content/uploads/2025/12/2026-06-10-LE-MESSIE-Banner_1280-x-720-e1781429621913-300x146.jpg 300w, https://chantez.eu/wp-content/uploads/2025/12/2026-06-10-LE-MESSIE-Banner_1280-x-720-e1781429621913-768x374.jpg 768w, https://chantez.eu/wp-content/uploads/2025/12/2026-06-10-LE-MESSIE-Banner_1280-x-720-e1781429621913-700x341.jpg 700w, https://chantez.eu/wp-content/uploads/2025/12/2026-06-10-LE-MESSIE-Banner_1280-x-720-e1781429621913-520x254.jpg 520w, https://chantez.eu/wp-content/uploads/2025/12/2026-06-10-LE-MESSIE-Banner_1280-x-720-e1781429621913-360x176.jpg 360w, https://chantez.eu/wp-content/uploads/2025/12/2026-06-10-LE-MESSIE-Banner_1280-x-720-e1781429621913-250x122.jpg 250w, https://chantez.eu/wp-content/uploads/2025/12/2026-06-10-LE-MESSIE-Banner_1280-x-720-e1781429621913-100x49.jpg 100w, https://chantez.eu/wp-content/uploads/2025/12/2026-06-10-LE-MESSIE-Banner_1280-x-720-e1781429621913.jpg 1280w" sizes="(max-width: 1024px) 100vw, 1024px" /></a></figure>



<h3><em><strong>Pour se mettre en voix :</strong></em></h3>



<p><strong><a href="https://chantez.eu/wp-content/uploads/2019/09/01-Vocalises-20110530-Base.pdf" target="_blank" rel="noopener">La partition des vocalises de base</a></strong><br><strong>La vidéo de la&nbsp;</strong><strong><a href="https://youtu.be/Ou_jvJ3uXhU" target="_blank" rel="noopener">mise en voix avec explications</a>&nbsp;(<a href="https://youtu.be/QwrefYhgZ-Q" target="_blank" rel="noopener">sans explications</a>)<br></strong><strong>La bande sonore de l&rsquo;accompagnement :</strong></p>



<figure class="wp-block-audio"><audio controls src="https://chantez.eu/wp-content/uploads/2019/09/vocalise.mp3"></audio></figure>



<p>NB : vous pouvez changer la vitesse de lecture en cliquant sur les trois points verticaux (à droite sur la barre de lecture, à côté du bouton de volume) ou en faisant un clic doit sur la barre de lecture et choisir « Vitesse de lecture » ou « Vitesse ».</p>



<p><br>  <br> </p>

<p>Ici seront publiés au fur et à mesure des enregistrements de familiarisation pour la saison 2026-2027. Module 1 Le Temps retrouvé* 2. L&rsquo;Aube 3. Le Temps dompté 4. Toujours plus loin 5. La révolte des fous 6. Les âmes en pixels 7. Le rêve doré 8. Le Temps retrouvé (Choeur [&hellip;]</p>
